3a
In base 16, what is 8 + 5044?
504c
In base 12, what is 54043 + -4?
5403b
In base 13, what is -43656 + 5?
-43651
In base 13, what is 0 - 5220a?
-5220a
In base 11, what is -67 - 18a67?
-19023
In base 9, what is -173 + 2446?
2263
In base 6, what is -113 - -4443?
4330
In base 2, what is -1000100100011010110001 + -100?
-1000100100011010110101
In base 4, what is 13122 + 11211?
30333
In base 6, what is -50524 + 20?
-50504
In base 15, what is 2a6 - 81?
225
In base 10, what is -28849 + 50?
-28799
In base 11, what is 2684 - -56?
272a
In base 14, what is -4 + 1095c0?
1095ba
In base 16, what is -39f7 + 1?
-39f6
In base 15, what is 156973 - -3?
156976
In base 16, what is -1 + -a92e4?
-a92e5
In base 16, what is -1f + e8?
c9
In base 6, what is -313 - -322?
5
In base 14, what is 7 + -ad2d?
-ad26
In base 11, what is 2a176 - 16?
2a160
In base 6, what is 5332125 + 5?
5332134
In base 3, what is -200020212 + 100?
-200020112
In base 3, what is 22100111 + 1?
22100112
In base 15, what is -c + 211e9?
211dc
In base 8, what is 200 + 552?
752
In base 4, what is -3 + -100300?
-100303
In base 6, what is 0 + -2231323?
-2231323
In base 2, what is -10100010011 - 100?
-10100010111
In base 9, what is 0 + -6353?
-6353
In base 5, what is 14 + -2000?
-1431
In base 5, what is 1003 - -100421?
101424
In base 5, what is 3140024 + 4?
3140033
In base 16, what is 3 + -55d?
-55a
In base 14, what is -43 - -d572?
d52d
In base 3, what is 1102100000 + -20?
1102022210
In base 16, what is 2 + 149e?
14a0
In base 6, what is -5 - -10311535?
10311530
In base 12, what is 1 - -1605a?
1605b
In base 13, what is b205 - -2b?
b233
In base 15, what is 9 - 682?
-678
In base 12, what is -2 - -320bb?
320b9
In base 14, what is -102c1 - 4?
-102c5
In base 11, what is 4 - -1a938?
1a941
In base 3, what is 1 - -210212?
210220
In base 4, what is 3 - -2313322?
2313331
In base 13, what is 18746 - -18?
18761
In base 14, what is -3 - -2c4d?
2c4a
In base 12, what is 1 + 3b54?
3b55
In base 15, what is 64 + -413c?
-40c8
In base 10, what is 90601 - 0?
90601
In base 7, what is -352 + -1131?
-1513
In base 6, what is -15335 - 2?
-15341
In base 7, what is 565244 + -1?
565243
In base 2, what is 1111111 + -100011011000?
-100001011001
In base 16, what is -2 - 1fbf?
-1fc1
In base 12, what is 4273b + 12?
42751
In base 10, what is 304 - 1394?
-1090
In base 11, what is 359 + -1298?
-a3a
In base 7, what is 352524 - 2?
352522
In base 13, what is 1a08 - 14?
19c4
In base 3, what is 1201 + -11101022?
-11022121
In base 16, what is -74 - aa?
-11e
In base 16, what is 33f + 2f7?
636
In base 14, what is -1785bc + 0?
-1785bc
In base 12, what is 4 + -a645?
-a641
In base 12, what is 4 + 134a20?
134a24
In base 9, what is -148 - -117?
-31
In base 6, what is -542535 - -4?
-542531
In base 4, what is -330 - 10003?
-10333
In base 13, what is -c011a8 + 5?
-c011a3
In base 11, what is -18aa51 - 2?
-18aa53
In base 15, what is -92083 - 1?
-92084
In base 6, what is 250101 - 2?
250055
In base 2, what is 1101 - 10000001010010110?
-10000001010001001
In base 13, what is -5b7c83 - 1?
-5b7c84
In base 5, what is 110044 - -3?
110102
In base 16, what is 64 + 2cf7?
2d5b
In base 8, what is 1 + -422153?
-422152
In base 15, what is 33b - -31c?
658
In base 8, what is 1 - 225225?
-225224
In base 13, what is -2ca5 + -2?
-2ca7
In base 15, what is -e + -139ca?
-139d9
In base 13, what is 18c772 - 2?
18c770
In base 9, what is 361 - -3?
364
In base 14, what is 1b761 - 1?
1b760
In base 6, what is -3055 + 4?
-3051
In base 14, what is -b48 + -4a?
-b94
In base 10, what is 1277596 - 5?
1277591
In base 7, what is 663 + 4266?
5262
In base 12, what is -5a6 + 546?
-60
In base 13, what is -4 + -9711c?
-97123
In base 14, what is 4c - -16aa?
1718
In base 13, what is -2b + 2b2?
284
In base 3, what is 0 - 102222000100?
-102222000100
In base 7, what is -2 + -4105?
-4110
In base 8, what is 10 - 2202130?
-2202120
In base 3, what is 12102021 + 2110?
12111201
In base 6, what is 12 - 502202?
-502150
In base 11, what is -5 - 25a2?
-25a7
In base 5, what is 2411013 + -3?
2411010
In base 10, what is -57840 + 1?
-57839
In base 2, what is 11010010111 - -11111011?
11110010010
In base 12, what is -16 + 2501b?
25005
In base 11, what is 9 - -13388?
13396
In base 11, what is 2a486 + 0?
2a486
In base 9, what is 145808 - -2?
145811
In base 7, what is 2 + 2602211?
2602213
In base 7, what is 1210 + -336?
541
In base 4, what is -1322 - -1312?
-10
In base 3, what is -10020 + 21020?
11000
In base 4, what is -3011 + -21220?
-30231
In base 10, what is -3 - 14411?
-14414
In base 5, what is 41220030 + -2?
41220023
In base 16, what is -34cf + 8?
-34c7
In base 13, what is 16c9 - 34?
1695
In base 16, what is -4f1 + -7e?
-56f
In base 4, what is -11 - 122201?
-122212
In base 6, what is -52321 - 3?
-52324
In base 11, what is 99 + 104?
1a2
In base 6, what is -1103 + 143512?
142405
In base 15, what is -2 - -37777?
37775
In base 16, what is -288d - -f?
-287e
In base 12, what is 1489 + 34?
1501
In base 2, what is 100111001010001101 + 101?
100111001010010010
In base 15, what is 3be142 - 0?
3be142
In base 16, what is 6 - -44d?
453
In base 13, what is -5b912 - -3?
-5b90c
In base 14, what is 33 + -523?
-4d0
In base 8, what is 10 + 741?
751
In base 8, what is -14 - 42475?
-42511
In base 13, what is 6c + 1398?
1437
In base 15, what is -46 - -47?
1
In base 5, what is -3 + -133104?
-133112
In base 2, what is -100111000 + 11110100?
-1000100
In base 4, what is -3222011132 - 0?
-3222011132
In base 10, what is 146 + 285?
431
In base 15, what is 4 + 23253?
23257
In base 8, what is -61314 - 1?
-61315
In base 11, what is 9a1 + -2148?
-1257
In base 13, what is -12 + 2988?
2976
In base 11, what is 4a5 - -5672?
6067
In base 6, what is -51144 + 4?
-51140
In base 16, what is 1a111d - -4?
1a1121
In base 9, what is 2337 + 417?
2755
In base 7, what is -1314421 + 3?
-1314415
In base 15, what is 2 + -dc990?
-dc98d
In base 10, what is -2639 + 31?
-2608
In base 14, what is 6c + 41a?
488
In base 6, what is 1 + 20432240?
20432241
In base 3, what is 1021121 - -12200?
1111021
In base 12, what is -1 - 106532?
-106533
In base 11, what is 3 - -3a3647?
3a364a
In base 6, what is -4513 - -2?
-4511
In base 15, what is 28497 + 4?
2849b
In base 15, what is -1 - 5e388?
-5e389
In base 12, what is -b9 - 3a?
-137
In base 16, what is -8 - 366?
-36e
In base 11, what is 11056 + 114?
1116a
In base 5, what is 144033143 + 1?
144033144
In base 3, what is 11021 + -200112120?
-200101022
In base 2, what is -1010010001001 - -100000011?
-1001110000110
In base 12, what is 35 - b0a0?
-b067
In base 2, what is 1001 - -111110011?
111111100
In base 9, what is -7 - 80245?
-80253
In base 4, what is 2010012 - -233?
2010311
In base 2, what is 100 - -10001010110101?
10001010111001
In base 6, what is -120 - 35130?
-35250
In base 4, what is -1 - -1120131?
1120130
In base 4, what is -21 - 11012022?
-11012103
In base 11, what is -75 + -230?
-2a5
In base 15, what is 62 + dd?
150
In base 16, what is 2ff5 - a?
2feb
In base 8, what is 100202 + -11?
100171
In base 11, what is 7 + 4856?
4862
In base 8, what is -26 + 677?
651
In base 6, what is -43 - 30454?
-30541
In base 2, what is -11100001000100111 + -111?
-11100001000101110
In base 15, what is 7 - -1829?
1831
In base 14, what is 2 - 159b5d?
-159b5b
In base 12, what is 14 - 829?
-815
In base 5, what is 11330 - -24?
11404
In base 3, what is -110020 + -201121?
-1011211
In base 5, what is 10 - -3342240?
3342300
In base 3, what is -11111222 - 1121221?
-20010220
In base 3, what is 2010112102 - 1?
2010112101
In base 3, what is -10001012120 - -1002?
-10001011111
In base 11, what is -5 + -13543?
-13548
In base 9, what is -3458 - 477?
-4046
In base 3, what is -20122011 - 10?
-20122021
In base 3, what is 100011 + 1110211220?
1111012001
In base 5, what is 232004131 + 20?
232004201
In base 11, what is -53 - 293?
-336
In base 15, what is 424eb7 - 4?
424eb3
In base 10, what is 920537 - 4?
920533
In base 13, what is -1 + -5321?
-5322
In base 3, what is 11200022010 - -1?
11200022011
In base 16, what is 8d - -3436?
34c3
In base 14, what is -b899a - 4?
-b89a0
In base 9, what is -885 + -27?
-1023
In base 9, what is -13056 + 3?
-13053
In base 2, what is 11011100 + 11000001?
110011101
In base 3, what is -2011210120 + -1?
-2011210121
In base 13, what is 4887 - 22?
486